) + (-1)/(-1). Suppose -m*t - 4*t = 0. Suppose t = 2*n - 2*i + 16, 9*n - i + 18 = 6*n. Determine j(n).
-4
Let k(g) be the first derivative of g**5/120 - 13*g**4/12 - 9*g**3 - 2*g - 174. Let w(r) be the third derivative of k(r). Give w(0).
-26
Let x(w) be the third derivative of w**6/120 - w**5/15 - w**4/8 + 4*w**2 + 29*w. Give x(4).
-12
Let p = -294 - -297. Let h(z) = p*z + 155 - 154 - 6*z + 4*z**2 - z**3. Calculate h(3).
1
Let l(b) = b**2 + 62*b + 391. Let w be l(-7). Let p(f) be the second derivative of -1/6*f**3 - 1/20*f**5 + 8*f + w*f**2 + 0 + 1/12*f**4. Calculate p(0).
12
Suppose 2*v = -3*d - 327, d - v = -142 + 38. Let m = -110 - d. Let r be (-1)/(-3)*-5*m. Let f(j) = -j**2 + 3*j + 7. Calculate f(r).
-3
Let t(a) be the second derivative of 5/3*a**3 - 19*a + 1/30*a**5 - 1/24*a**4 + 0*a**2 + 0. Let k(c) be the second derivative of t(c). Determine k(2).
7
Let m(g) = 11*g - 1. Let v(p) = 4*p**2 - 102*p - 51. Let k be v(27). Let a = -110 + k. What is m(a)?
10
Let a(j) be the second derivative of -3*j**4/4 + j**3/6 + j**2/2 - 24*j. Suppose 111*x + 21 = -90. Determine a(x).
-9
Let n(w) = -9*w + 2. Suppose -q + 192 = 2*u, -380 = -4*u + 6*q - 10*q. Let j = -94 + u. Let p = j + 0. Determine n(p).
-25
Suppose 2*o + 6 = -369*p + 371*p, -o = 3*p - 5. Let f(a) = 2*a**2 - 22*a + 39. Give f(p).
3
Let x(p) = 11*p + 24. Let z be x(-2). Let l(c) = -4 + 8 - 27*c + 19*c + c**3 - 2*c**z. What is l(4)?
4
Let u(w) be the third derivative of w**5/60 - w**4/3 - 2*w**3/3 + 2*w**2. Let c(h) = 31*h + 533. Let l be c(-17). Calculate u(l).
-16
Let l = -32589 + 32551. Let x(c) = -c**3 - 39*c**2 - 35*c + 94. What is x(l)?
-20
Let f(q) = -278*q + 11 + 276*q + 9 + 7. Determine f(6).
15
Let g(d) = 5*d**2 + d - 4. Let m = 1723 + -1719. What is g(m)?
80
Suppose -119 = -9*w - 27*w + 205. Let i(g) = 9*g - 77. Calculate i(w).
4
Let c(q) = 3*q - 1. Let o(i) = -4*i + 1. Suppose 2*u - 5 = -g - 1, 2*u - 12 = -3*g. Suppose -5*t + 0*t - 15 = u. Let z(h) = t*c(h) - 2*o(h). Give z(3).
-2
Let i(b) = -b - 40. Let f(k) = k**2 + 4*k + 64. Let y(g) = f(g) + 2*i(g). What is y(-5)?
-1
Let i(c) = -113*c + 114. Let r be i(5). Let s = -447 - r. Let x(a) = -a**3 + 6*a**2 - 7*a + 9. Determine x(s).
13
Let l(n) = n - 2. Let c = 24 - 26. Let a be (10/4*-1)/(c/4). Calculate l(a).
3
Let z(o) = -o**3 - 9*o**2 - 11*o + 74. Let i(n) = n**3 + 10*n**2 + 11*n - 63. Let p(f) = 5*i(f) + 4*z(f). Calculate p(-13).
7
Let x(n) = -5*n - 7. Let s be x(-2). Let v(j) = -9*j**3 - 3*j**2 + 1. Let c(g) = -4*g**3 - g**2 + 1. Let h(y) = s*v(y) - 7*c(y). Determine h(3).
5
Let g = -26 + 31. Suppose 0 = t - 58 + g. Let n(y) = -t*y + 25*y + 27*y + y**2. Give n(-1).
2
Let f(v) = -4*v + v + 4*v + 1. Let r(j) = -5*j - 293. Let b(i) = -2*i - 1. Let q(d) = -5*b(d) - r(d). Let w be q(-20). Determine f(w).
-1
Let t(a) = 8*a + 25. Let f(b) = -21*b - 64. Let c(i) = f(i) + 2*t(i). Suppose -4*d - 29 - 11 = 0. What is c(d)?
36
Suppose -3*g - 30 = -3*p, -12*g + 9*p = -9*g + 30. Let n(h) = 2*h**2 + 11*h - 30. Calculate n(g).
60
Let o(u) = 5*u**3 - 6*u**2 - 5*u - 21. Let r(c) = 11*c**3 - 11*c**2 - 9*c - 46. Let q(j) = -13*o(j) + 6*r(j). Calculate q(-11).
-3
Let i(l) = 23 + 2 + 0 - 2*l**2 + l**2. Calculate i(-4).
9
Let x(o) = -o**3 - 3*o**2 + 3*o + 7. Suppose 250*p - 92 = -592. Give x(p).
-3
Let l(g) = 6*g + 58. Let b = -7028 + 7019. Determine l(b).
4
Suppose u + 4 = 4. Suppose 35 = 7*l - u*l. Let r(j) = 2*j**2 + 6*j**2 + l*j**2 - 7*j**2 + 1. Calculate r(1).
7
Suppose c + 4*z = 5, -2*c = 4*z + 19 - 29. Suppose -y - 3 = -2*g, g - 4*g = -c*y + 20. Let k(p) = -5*p - 4 + 4*p + 2*p. What is k(y)?
3
Let p(g) be the second derivative of -g**3/6 - 43*g**2/2 - 1079*g. What is p(-36)?
-7
Let u be (-2)/8 + (-4)/(-16). Let z(l) = l + 9 - 13*l**2 - 64*l**2 + 78*l**2. Determine z(u).
9
Let t(k) be the second derivative of -9/2*k**2 + 58*k + 1/6*k**3 + 0. Calculate t(7).
-2
Let f = 262 + -254. Let s(y) = -f*y**3 + 1 + y + 6*y**3 - 2 + 2*y. Let k = 6 + -4. Give s(k).
-11
Let r(h) = -h**2 + 8*h + 345. Let o be r(23). Let s(z) be the second derivative of 1/12*z**4 + 0 - 1/6*z**3 + 2*z + 0*z**2. Determine s(o).
0
Suppose -3*y + 76*b - 75*b + 54 = 0, 3*b = -y - 2. Let g(n) = -n**3 + 17*n**2 - 6*n - 162. Determine g(y).
-2
Let n(f) = f**2 - 4*f - 3. Let i(t) = -t**3 + 5*t**2 - 20*t + 66. Let o be i(4). Suppose -16 = o*v - 5*v - m, 4*v = 5*m + 15. What is n(v)?
2
Let v(f) be the first derivative of 5*f**4/4 + f**3/3 - f**2 + 3*f + 5. Let g(s) = -40*s - 238. Let x be g(-6). What is v(x)?
43
Let k(u) be the second derivative of -u**4/12 + u**3/6 + 17*u**2/2 - 5095*u. Calculate k(0).
17
Let g(k) = -4*k + 0*k + 2*k**2 + 4*k + 2*k + 3*k + 18. Let q(m) = m**2 + 3*m + 8. Let u(c) = 4*g(c) - 9*q(c). Give u(-5).
10
Let g(s) = 23*s**3 + s**2 + s - 3. Let a(t) = t**2 - 116*t - 1396. Let h be a(-11). Give g(h).
22
Suppose 0 = -2*u - 10*u + 84. Suppose -14 = 7*z - u. Let i(c) = -9*c**2 + c. Let j(w) = -10*w**2 + w. Let v(p) = 4*i(p) - 3*j(p). Determine v(z).
-7
Let w(l) = l - 2. Let p(i) = i**3 + 15*i**2 + 25*i - 10. Let h(a) = -a**3 - 7*a**2 - 7*a + 14. Let m be h(-7). Let b = -76 + m. Let j be p(b). Calculate w(j).
1
Let h be 64/(-36) - 2/81*9 - -3. Let i(u) = 4*u + 2. Give i(h).
6
Let u(q) be the first derivative of 3*q**4/4 - 5*q**2/2 + 3*q - 8142. Calculate u(3).
69
Let s(n) = 4*n - 2. Let t be s(2). Let c(g) be the second derivative of -g**3/6 + 4*g**2 + 312297*g. What is c(t)?
2
Let t(u) = u**3 + 25*u**2 + 43*u - 70. Let o(i) = 233*i - 5848. Let s be o(25). Give t(s).
-1
Let d(c) = -c**2 + 13*c - 27. Let x(w) = 10*w + 162. Let l be x(-15). Calculate d(l).
-15
Let l(u) = u**3 + 3*u**2 - 3*u - 2. Let b(q) = q**2 - 1. Let d(p) = 2*b(p) + l(p). Let x be 13/(-65) - 145/25. Give d(x).
-22
Let f(p) = 4*p**3 + 5*p**2 + 11*p. Let i(q) = q**3 + 2*q**2 + 5*q. Let g(k) = 4*f(k) - 9*i(k). Suppose -3*j - 2*j = 0. Suppose -x + j + 1 = 0. Determine g(x).
8
Suppose 0 = 1390*n - 1379*n - 44. Let t(p) = -9*p - 34. Calculate t(n).
-70
Let f(q) = -2*q**2 + 68*q + 72. Let d be f(35). Let y(g) = 106 - 111 + g + 3*g - 12*g**d + 14*g**2. What is y(-5)?
25
Let z(c) be the first derivative of -c**7/840 + c**6/180 - c**5/60 + c**4/8 + 14*c**3/3 + 4*c - 19. Let y(x) be the third derivative of z(x). What is y(3)?
-12
Let b(u) = 2*u - 2. Let s = -705 + 685. Let v be 4/s*-19 + 4/(-5). Calculate b(v).
4
Let q be -1 + (-1 - -2)/1. Let g = 2 - q. Let f(z) = -19*z + 1879. Let j(k) = -14*k + 1409. Let c(b) = 3*f(b) - 4*j(b). Calculate c(g).
-1
Let j(y) = 4*y**2 + 42*y + 6 - 5*y**2 + 0*y**2 - 60*y. Calculate j(-18).
6
Let d(h) = -h**3 + h**2 - 25. Let g = 14 - 12. Suppose 7*i = -g*i + 7*i. Calculate d(i).
-25
Let h(i) = 3*i**2 - 242*i + 11. Let o be h(0). Let a(x) = -x**3 + 13*x**2 - 20*x - 19. Calculate a(o).
3
Let n(o) = -o**3 - 36*o**2 + 13*o - 886. Let f be n(-37). Let p(r) = -6*r**2 + 4*r + 8. What is p(f)?
-8
Let t(p) be the first derivative of -p**3/3 + 5*p**2/2 + 6*p - 180. Let i = -43 + 48. Calculate t(i).
6
Let d(l) = 2*l**3 + 3*l**2 + 3*l + 5. Let c be d(-2). Let o be 51/34 + 1/((-2)/7). Let j be 4 + o + 7 + c. Let p(g) = -g**3 + 5*g**2 - 5*g + 6. Determine p(j).
2
Let g(w) = w**2 + 11*w + 5. Let i(d) be the third derivative of -d**4/12 - d**3/6 - 10*d**2 + 2*d. Let n(k) = -g(k) - 6*i(k). Give n(6).
-29
Let g(v) = v**3 - 6*v**2 - 7*v - 7. Let x = 33 + -25. Suppose 5*u + 69 = x*u. Let j = 30 - u. What is g(j)?
-7
Let j(b) = b**2 + 5*b - 5. Let d(g) = 2*g**2 + 11*g - 10. Let o(i) = 2*d(i) - 5*j(i). Let h(f) = -2*f**3 + 29*f**2 + 29*f - 215. Let z be h(15). Determine o(z).
-5
Let l(s) be the second derivative of s**8/6720 + s**7/630 + s**6/240 + s**5/30 + 37*s**4/12 + 29*s + 2. Let c(r) be the third derivative of l(r). Give c(-3).
4
Let l(n) be the first derivative of n**3/3 - 8*n**2 + 9*n + 400. Calculate l(11).
-46
Let a(l) = -l**3 + 10*l**2 - l + 8. Let j be (30/5)/(0 - 2) - 773. Let i = 786 + j. What is a(i)?
-2
Let m = -123 - -133. Let g be (-45)/m - (-10)/4. Let p(h) = 16 - 12 - 2*h - 7. Calculate p(g).
1
Let h(l) be the first derivative of -22*l**3/3 + l - 4509. Calculate h(-1).
-21
Let r(y) be the third derivative of -y**6/120 + y**5/10 - 5*y**4/24 + y**3/6 + 2*y**2 - 2043. Let n be 3*(40/6)/2. Suppose 0*s - n = -2*s. Calculate r(s).
1
Let q(w) = -w**2 + 10*w - 23. Let d be q(7). Let a